(14) a composite number?
False
Let c = -96 + 104. Suppose 0 = -c*x + 6*x + 1774. Suppose 0 = 2*f + 3*v - x, v = f - 0*v - 446. Is f a composite number?
True
Let r(m) = 4060*m**3 + 4*m**2 - 11*m + 3. Let v be r(-5). Is 45/(-450) + v/(-20) prime?
True
Suppose 1828688 = 26*c - 2286098. Is c prime?
True
Suppose 1924 + 1224 = 4*r. Suppose -r = -p + b, -3*p + 899 + 1462 = 4*b. Is p a prime number?
True
Suppose -28*m = -850038 - 2161787 + 555133. Is m composite?
False
Suppose 3*z - 2*f = 120359, f - 12 = 4*f. Suppose 0 = -k + 8*k - z. Is k a prime number?
False
Suppose 0 = 25*h + 45 + 30. Is h/((-72474)/18114 - -4) a prime number?
True
Suppose -4*t - o + 376713 = 0, -26*o = t - 31*o - 94194. Is t composite?
True
Suppose 5*p = 3*o - 2065, 0 = -7*o + 8*o - p - 689. Let y = 1021 - o. Is y composite?
False
Suppose -96*d + 55*d + 12884173 = 42*d. Is d a prime number?
True
Let r(c) = 3*c**2 - 3*c + 10. Let h be r(3). Let y be (h/(-6))/(2/(-51)). Is (93 + 1)/(14/y) composite?
True
Suppose 5*s = -2*t + 15, 0 = 5*t + 3*s + 1 - 29. Let u(h) = 24*h**3 - 6*h**2 - h + 5. Let w be u(t). Is 3 + w/2*(-4)/(-6) a prime number?
True
Let f(d) = -18*d + 627. Let o(w) = 20*w - 625. Let r(b) = 3*f(b) + 2*o(b). Is r(0) prime?
True
Suppose -949*d - 90 = -954*d. Let c(h) = 7*h**2 - 22*h - 71. Is c(d) composite?
False
Let x(h) = h**3 - 2*h**2 - 85*h + 87. Is x(43) composite?
True
Let t be 795/(-9) + 4/(-6). Let l = -87 - t. Suppose 12*p - l*p = 1670. Is p prime?
True
Suppose -5 = -a - 1, a = -3*u + 7327. Let n(v) = 8*v**3 - 13*v**2 + 45*v - 20. Let t be n(8). Let i = t - u. Is i a composite number?
False
Suppose 19*z + 16696 = 69212. Suppose 0 = -11*w + z + 7455. Is w a prime number?
True
Let k = -1310 - -8457. Is k composite?
True
Suppose -838*l + 87549376 = -45*l - 113595867. Is l a prime number?
True
Suppose 7280653 = 53*y + 705950. Is y a prime number?
False
Let q = 406 + -253. Let l(d) = 100*d. Let f be l(-1). Let z = q + f. Is z composite?
False
Let o(r) = -48*r**3 + 2*r**2 + 2*r + 1. Let f(n) = 3*n**2 - 5. Let p be f(2). Suppose 19 - 26 = p*w. Is o(w) a prime number?
False
Let b(i) = 117*i**2 - 39*i - 875. Is b(-22) a composite number?
False
Let t(a) = -195*a**2 + 51*a + 28. Let o(y) = -1. Let q(p) = 3*o(p) - t(p). Is q(-14) a prime number?
True
Suppose 0 = -g - 2 + 7. Suppose 5*k = -g*o + 135 + 4680, 3840 = 4*k + o. Suppose t = -4*t + 4*u + k, 4*t = -u + 763. Is t prime?
True
Suppose -134724 = -2*h - c + 26760, -3*h = -c - 242221. Is h a prime number?
False
Let d(k) = 40*k**3 - 11*k**2 - 24*k + 9. Is d(10) composite?
False
Is (-33713782)/(-42) + (616/(-3381) - 12/(-138)) prime?
True
Suppose -p - 3*i - 10 - 9 = 0, -5*p + 2*i - 163 = 0. Let u = p - -36. Is (255 - 2) + -7 + u a prime number?
True
Let s = 17110 + -12208. Suppose -5*t + b + 3*b = -8170, -s = -3*t + 4*b. Suppose -2*l + t = 4*i, -2*i = -3*l + 2*l + 813. Is l a composite number?
True
Is 1 + 115602 - (-3)/(-1)*2*-1 prime?
False
Suppose -3*u + 99205 = 4*b - 193513, -u - 219545 = -3*b. Is b prime?
True
Let g(x) = 18*x + 173. Let c be (2*74/(-8))/(211/(-422)). Is g(c) composite?
False
Suppose -118 = -13*w + 52 - 27. Let o(a) = -11*a - 13 - 5 + 17*a**2 + 0 - a**3. Is o(w) a composite number?
False
Let u(r) = r**2 + 8*r - 1. Let g be u(-9). Let z(p) = -p**3 + 11*p**2 - 24*p - 1. Let s be z(g). Is (18/(-24))/(s/556) prime?
False
Let j(b) = -169*b**3 - 63*b**2 - 483*b + 23. Is j(-8) composite?
True
Suppose -5*m + 16287920 = 5*h, -15 = 78*m - 81*m. Is h a composite number?
True
Let o(f) = 244*f**3 + 2*f**2 - 5*f + 2. Suppose -3*c + 6*c = 9. Is o(c) prime?
False
Suppose -669 = -3*j + 5*m, 4*j - 897 = 2*m + 3*m. Suppose 3*f = 3, v - f - 208 = j. Is v - 16 - 2/1 a composite number?
False
Let b = 8170 - 4672. Suppose 8*a = -25*a + b. Is a composite?
True
Let q(t) = 5165*t**2 + 13*t + 15. Let b(m) = -m**3 + 8*m**2 + 30*m - 101. Let h be b(10). Is q(h) a composite number?
False
Let g(a) be the third derivative of a**4/12 - 47*a**3/6 + 20*a**2. Let c be g(21). Let x(k) = -3*k + 19. Is x(c) a composite number?
True
Suppose 10*q = -17*q + 75708. Let a = q - 1267. Is a a prime number?
False
Suppose -88*m + 79*m - 203046 + 971997 = 0. Is m a prime number?
True
Let h(p) = 20*p**2 + 18*p - 5. Let o(q) = 41*q**2 + 37*q - 10. Let l(c) = 9*h(c) - 4*o(c). Let z(y) = 5*y**2 + y + 1. Let x be z(1). Is l(x) a composite number?
False
Suppose 12*q - 2*q = 0. Suppose -2*y + y - 3*t + 1732 = q, 0 = -2*t + 10. Is y a composite number?
True
Is 90080244/144 + 2/(-8) - (-8 + 12) composite?
True
Let x(a) = -a**2 + 5*a + 1893. Let v = -197 + 197. Is x(v) a composite number?
True
Suppose 4*j + i = 9*j - 27, -5*j = 5*i - 15. Let c(v) be the third derivative of 3*v**6/40 + v**5/30 - v**4/8 - 3*v**3/2 + 664*v**2. Is c(j) prime?
True
Suppose 4*u - 1999523 = -777256 + 1046745. Is u prime?
False
Let k(x) = -42*x - 25. Let z(f) = -21*f + 12. Let p be z(-3). Let w = 68 - p. Is k(w) prime?
True
Let h(g) = 22392*g + 1623. Is h(5) prime?
False
Suppose 0 = 2*t + 4*g - 1245294, 462*t + g + 2490633 = 466*t. Is t a prime number?
False
Let o(b) = 143*b - 35. Suppose 0 = -0*y - 14*y + 28. Is o(y) a composite number?
False
Suppose 70162 + 889704 = 5*u + 3*s, 4*s - 959873 = -5*u. Is u a prime number?
True
Let p(i) be the first derivative of 1/2*i**4 + 20 + 4/3*i**3 + 3/2*i**2 + 7*i. Is p(4) a composite number?
False
Let h be (-144816)/(-20) + (-3)/((-90)/(-24)). Let t = h + 6401. Is t a composite number?
True
Suppose -63*v + 64*v - 9356 = 0. Let t = v + -4471. Suppose 11*f - 6*f = t. Is f a composite number?
False
Let t = 8952 - 4447. Let l = t + -1743. Is l composite?
True
Suppose -35*p + 5*m = -33*p - 5586347, -3*p = -4*m - 8379503. Is p composite?
True
Let c(w) = -12*w**2 - 49*w - 2. Let p be c(-4). Is p/(-8)*863*(-27 - -7) a composite number?
True
Is 21/7 + 9636 - 12 a prime number?
False
Let a = 68 + -141. Let s = a + 83. Let g = 387 + s. Is g prime?
True
Let o(m) = m**2 + 17*m + 72. Let n be o(-9). Suppose -3*r - 5*z + 96962 = n, -z - 94885 - 34436 = -4*r. Is r a prime number?
False
Suppose 0 = 8*b - 11691 - 3205. Suppose 2*i = 4*i + b. Let w = i + 2924. Is w composite?
False
Let f(i) be the first derivative of 9*i**4/2 - 7*i**3/3 + 21*i**2/2 + 3*i + 134. Is f(7) a composite number?
False
Is ((-7)/(-175)*5)/(-1*3/(-1291035)) a composite number?
False
Let k = -28803 - -58708. Is k a composite number?
True
Suppose 0 = 129*h + 75*h - 3411549 - 3180303. Is h a composite number?
True
Suppose -2 = 13*p - 2. Suppose p = -8*u - 3*u + 11. Is u + (-2)/5 + 30410/25 a composite number?
False
Let c be (-164)/(-8)*26 - -2. Suppose -1875 = -5*f - c. Suppose m - 5*m + f = 0. Is m prime?
True
Let v(i) = -7*i**3 + 19*i**2 + 24*i - 32. Let q be v(-17). Suppose 13*g - q = 4537. Is g a composite number?
True
Suppose 0 = -y + a + 549991, 4*y + 5*a - 953185 = 1246779. Is y a composite number?
True
Let p = 2059459 + -1443026. Is p composite?
False
Suppose -3*f - 45 = g, 5*g - 2*f + 124 = -33. Is 4/22 + (-76323)/g + 2 composite?
True
Is (-3)/((-9)/2298)*(-25 + 942/12) prime?
False
Let f(g) = -45*g - 440. Is f(-11) a prime number?
False
Let k = 175137 + -56306. Is k a prime number?
True
Suppose 16*p = 79*p - 5514327. Is p a composite number?
True
Let c = 12241 + 41898. Is c composite?
False
Suppose -12 = 3*z - 3. Let q be (-2 + 2)/(6/z). Suppose -2245 = b - 4*b - 4*r, -b - 4*r + 759 = q. Is b a composite number?
False
Let b be (-8)/((-168)/77)*6. Suppose b*f - 240339 = 27995. Is f a prime number?
True
Let h(v) = 45*v**2 + 22*v - 27. Let l be h(-33). Suppose -17*u = -2017 - l. Is u prime?
True
Let d(x) = -5886*x - 805. Is d(-3) composite?
True
Let l = 45 - 38. Let b(m) = -52*m - 11 + 3 + l + 2. Is b(-3) a prime number?
True
Suppose 0 = -5*n - 1 - 9. Is (-7 + 0 + 8942)/(-1 - n) a composite number?
True
Let q = -36 - -60. Is q/(-18)*-6 - -3413 a composite number?
True
Suppose -5*i + 3*k - 91666 = 0, -8*i - 73355 = -4*i + 5*k. Let o = -868 - i. Is o a prime number?
True
Let z(g) = -72*g + 144. Let c be z(2). Suppose 9*s + 31138 - 92149 = c. Is s a prime number?
True
Let t be (2 - (2 + -7)) + (19 - 23). Suppose 0 = -t*i - w + 578, i + 402 = 3*i + 4*w. Is i composite?
False
Let p be (-10)/(-15) + (-152)/(-24). Let v(n) = -n + 2 + 7*n**2 - 1 - 6*n**2. Is v(p) prime?
True
Let k(n) be the se